78.
20
What is the remainder when 346 is divided by 40?
26
Calculate the remainder when 117 is divided by 30.
27
Calculate the remainder when 382 is divided by 44.
30
What is the remainder when 188 is divided by 15?
8
Calculate the remainder when 83 is divided by 51.
32
Calculate the remainder when 226 is divided by 18.
10
Calculate the remainder when 569 is divided by 13.
10
What is the remainder when 331 is divided by 93?
52
What is the remainder when 123 is divided by 62?
61
What is the remainder when 95 is divided by 20?
15
Calculate the remainder when 135 is divided by 17.
16
Calculate the remainder when 278 is divided by 31.
30
What is the remainder when 235 is divided by 34?
31
What is the remainder when 283 is divided by 11?
8
Calculate the remainder when 646 is divided by 220.
206
Calculate the remainder when 10415 is divided by 31.
30
What is the remainder when 336 is divided by 115?
106
Calculate the remainder when 362 is divided by 61.
57
What is the remainder when 354 is divided by 329?
25
What is the remainder when 104 is divided by 47?
10
What is the remainder when 154 is divided by 27?
19
What is the remainder when 856 is divided by 51?
40
Calculate the remainder when 467 is divided by 26.
25
What is the remainder when 250 is divided by 12?
10
What is the remainder when 1337 is divided by 70?
7
Calculate the remainder when 359 is divided by 24.
23
Calculate the remainder when 1298 is divided by 425.
23
Calculate the remainder when 1021 is divided by 79.
73
What is the remainder when 1518 is divided by 219?
204
Calculate the remainder when 5122 is divided by 109.
108
What is the remainder when 9713 is divided by 30?
23
What is the remainder when 432 is divided by 144?
0
What is the remainder when 16 is divided by 2?
0
What is the remainder when 492 is divided by 33?
30
What is the remainder when 72 is divided by 41?
31
What is the remainder when 853 is divided by 39?
34
What is the remainder when 1293 is divided by 27?
24
Calculate the remainder when 1715 is divided by 571.
2
Calculate the remainder when 531 is divided by 109.
95
Calculate the remainder when 469 is divided by 47.
46
Calculate the remainder when 11315 is divided by 8.
3
Calculate the remainder when 1858 is divided by 38.
34
What is the remainder when 1082 is divided by 31?
28
Calculate the remainder when 4092 is divided by 21.
18
What is the remainder when 722 is divided by 25?
22
Calculate the remainder when 92 is divided by 31.
30
Calculate the remainder when 355 is divided by 7.
5
Calculate the remainder when 219 is divided by 55.
54
What is the remainder when 194 is divided by 20?
14
What is the remainder when 63 is divided by 38?
25
Calculate the remainder when 1607 is divided by 13.
8
What is the remainder when 382 is divided by 15?
7
Calculate the remainder when 9850 is divided by 59.
56
What is the remainder when 577 is divided by 17?
16
What is the remainder when 316 is divided by 29?
26
What is the remainder when 368 is divided by 40?
8
What is the remainder when 474 is divided by 246?
228
Calculate the remainder when 262 is divided by 31.
14
What is the remainder when 124 is divided by 21?
19
Calculate the remainder when 389 is divided by 95.
9
Calculate the remainder when 1163 is divided by 386.
5
What is the remainder when 7487 is divided by 107?
104
What is the remainder when 3640 is divided by 56?
0
Calculate the remainder when 545 is divided by 29.
23
Calculate the remainder when 84 is divided by 31.
22
What is the remainder when 245 is divided by 120?
5
Calculate the remainder when 312 is divided by 213.
99
Calculate the remainder when 1658 is divided by 21.
20
Calculate the remainder when 1050 is divided by 38.
24
What is the remainder when 691 is divided by 175?
166
What is the remainder when 876 is divided by 79?
7
What is the remainder when 916 is divided by 157?
131
Calculate the remainder when 442 is divided by 222.
220
What is the remainder when 27 is divided by 17?
10
What is the remainder when 726 is divided by 8?
6
What is the remainder when 460 is divided by 121?
97
What is the remainder when 129 is divided by 22?
19
What is the remainder when 36 is divided by 33?
3
Calculate the remainder when 499 is divided by 12.
7
Calculate the remainder when 4813 is divided by 86.
83
Calculate the remainder when 127 is divided by 74.
53
What is the remainder when 1559 is divided by 99?
74
Calculate the remainder when 157 is divided by 55.
47
What is the remainder when 287 is divided by 18?
17
What is the remainder when 754 is divided by 15?
4
Calculate the remainder when 16 is divided by 5.
1
Calculate the remainder when 108 is divided by 97.
11
What is the remainder when 22 is divided by 8?
6
What is the remainder when 37 is divided by 10?
7
Calculate the remainder when 169 is divided by 16.
9
Calculate the remainder when 1247 is divided by 621.
5
What is the remainder when 929 is divided by 308?
5
Calculate the remainder when 40 is divided by 35.
5
Calculate the remainder when 681 is divided by 18.
15
Calculate the remainder when 4297 is divided by 23.
19
Calculate the remainder when 1036 is divided by 6.
4
Calculate the remainder when 437 is divided by 68.
29
Calculate the remainder when 111 is divided by 31.
18
Calculate the remainder when 13 is divided by 5.
3
Calculate the remainder when 577 is divided by 43.
18
Calculate the remainder when 297 is divided by 44.
33
Calculate the remainder when 550 is divided by 19.
18
Calculate the remainder when 86 is divided by 35.
16
Calculate the remainder when 1469 is divided by 385.
314
Calculate the remainder when 291 is divided by 156.
135
What is the remainder when 16313 is divided by 49?
45
Calculate the remainder when 820 is divided by 38.
22
What is the remainder when 468 is divided by 168?
132
Calculate the remainder when 1757 is divided by 23.
9
What is the remainder when 767 is divided by 16?
15
Calculate the remainder when 171 is divided by 52.
15
What is the remainder when 1487 is divided by 48?
47
Calculate the remainder when 4443 is divided by 32.
27
Calculate the remainder when 1180 is divided by 570.
40
Calculate the remainder when 210 is divided by 116.
94
Calculate the remainder when 3804 is divided by 238.
234
What is the remainder when 301 is divided by 34?
29
Calculate the remainder when 13 is divided by 5.
3
Calculate the remainder when 13 is divided by 12.
1
What is the remainder when 711 is divided by 179?
174
Calculate the remainder when 671 is divided by 5.
1
Calculate the remainder when 707 is divided by 229.
20
What is the remainder when 180 is divided by 73?
34
Calculate the remainder when 4589 is divided by 85.
84
Calculate the remainder when 3677 is divided by 13.
11
Calculate the remainder when 42 is divided by 15.
12
What is the remainder when 491 is divided by 33?
29
What is the remainder when 703 is divided by 8?
7
Calculate the remainder when 1893 is divided by 4.
1
What is the remainder when 5973 is divided by 72?
69
Calculate the remainder when 866 is divided by 146.
136
What is the remainder when 101 is divided by 22?
13
Calculate the remainder when 823 is divided by 29.
11
Calculate the remainder when 504 is divided by 23.
21
Calculate the remainder when 4786 is divided by 42.
40
Calculate the remainder when 482 is divided by 69.
68
What is the remainder when 150 is divided by 38?
36
Calculate the remainder when 249 is divided by 12.
9
What is the remainder when 116 is divided by 20?
16
Calculate the remainder when 12 is divided by 6.
0
What is the remainder when 175 is divided by 14?
7
What is the remainder when 127 is divided by 25?
2
What is the remainder when 150 is divided by 6?
0
What is the remainder when 142 is divided by 9?
7
What is the remainder when 476 is divided by 16?
12
Calculate the remainder when 77 is divided by 5.
2
What is the remainder when 320 is divided by 14?
12
What is the remainder when 213 is divided by 27?
24
Calculate the remainder when 838 is divided by 29.
26
What is the remainder when 178 is divided by 159?
19
Calculate the remainder when 310 is divided by 2.
0
What is the remainder when 148 is divided by 98?
50
Calculate the remainder when 591 is divided by 99.
96
What is the remainder when 458 is divided by 45?
8
What is the